x + 1141 = 0. Suppose -w*h + 565*h = -9. Calculate b(h).
28
Let u = 1051 + -1065. Let l(p) = 4*p + 39. What is l(u)?
-17
Let l(z) = z**3 - 17*z**2 - 17*z - 21. Let q = 263 + -266. Let w be q*(-9 + 27)*(-2)/6. What is l(w)?
-3
Let t(w) be the second derivative of -3*w**5/20 - w**4/6 - w**3/2 - w**2 + 57*w + 49. Give t(-1).
2
Let h(z) = -7*z**2 + z - 1 + z**3 - z. Let f be 60/(-70) - 20/(-70)*55/2. Let n be h(f). Let q(w) = -8*w + 1. What is q(n)?
9
Let j(i) = -2*i**2 + 8*i - 19. Suppose 2*z - 4*m - 20 = -5*m, -z = 3*m - 20. Determine j(z).
-83
Let r(f) = f**2 - 3 + 0 + 4 + 6*f. Suppose -3*n = -308 + 320. Determine r(n).
-7
Let f(m) = -76*m - 85*m - 76*m + 316*m + 103 - m**2 - 77*m. Calculate f(-8).
23
Let s(o) = 9*o - 41. Suppose -2*j = -8, 0 = 2*t + 3*j - 4*j - 8. Calculate s(t).
13
Let h(t) be the second derivative of t**3/2 - 33*t**2/2 + 1395*t. Give h(-4).
-45
Let g(z) be the first derivative of -z**4/12 + z**3/3 - 216*z + 165. Let h(q) be the first derivative of g(q). What is h(2)?
0
Let g(n) be the second derivative of -n**4/4 + 43*n**3/6 - 8*n**2 - 1729*n. What is g(14)?
-2
Let f(y) = 17*y - 2*y + 10 - 32 + 16 + 4. Determine f(-1).
-17
Let o(s) = -s**2 - 5*s + 12. Suppose -2808 = 7*v - 701. Let g = -306 - v. What is o(g)?
12
Let d(k) be the second derivative of -k**5/20 - k**4/3 + k**3/6 - 2*k**2 + 349*k - 2. Suppose -4*c = -3*c + 1. Let l = -3 + c. Calculate d(l).
-8
Let j(r) = -39*r + 38. Suppose 61 = 70*y + 6*y - 15. Determine j(y).
-1
Let b(c) = 4*c + 135. Let j(x) = 32*x - 4840. Let d be j(150). Calculate b(d).
-25
Let w = -230 + 235. Let j be 3/(((-30)/(-4))/w). Let y(t) = 4*t - 2. Give y(j).
6
Let d(y) = -2*y**2 - 30*y - 66. Let r = 2809 + -2821. Calculate d(r).
6
Let v(f) = 8*f - 1. Suppose 12 + 6 = 6*a. Suppose a*l - 1 + 2 = -4*r, r - 2*l = -3. Determine v(r).
-9
Let i(h) = 179*h - 2. Let w(y) = -737*y + 9. Let f(t) = 17*i(t) + 4*w(t). Calculate f(-1).
-93
Let o(l) = 3*l**2 + 35 + 16*l + 26*l + 27*l + 4. Give o(-22).
-27
Suppose -c - 4*m - 17 = 0, -3*c + m - 6*m = 58. Let j(v) = v + 52. Give j(c).
31
Let h(s) = -s**3 - 24*s**2 + 24*s - 50. Let c = -2148 + 2123. What is h(c)?
-25
Let i = -7 + 15. Suppose 4*f = 2*b + 3*b - 6, 5*b - 2*f = i. Let q(v) = 0*v**2 + 4 - v**3 + v**b + 6*v**2 - 7 - 7*v. Determine q(6).
-9
Let g(f) = -f**2 + 238*f + 6. Let k be g(0). Let t(w) = -21*w + 52. Determine t(k).
-74
Let k(s) = 2*s**3 - 2*s**2 + 2. Let d be 1683/55 + 8/(-5) + 1. Suppose 5*c = 10, 4*w - c - d = -24. What is k(w)?
10
Let o(p) = -2*p**2 - 7 - 2*p**3 + 7*p**3 - 4*p**3 + 3. Let r be (0 + -5)/(5/(-3)). Determine o(r).
5
Suppose -17*x - 16 = -22*x - p, -5*x + 18 = 3*p. Let v(c) = 22*c**2 - 67*c + 1. Determine v(x).
-2
Let v(g) = -g**3 - 8*g**2 - 6*g + 1. Let q(m) = -138*m. Let f be q(-3). Let r = f + -421. What is v(r)?
-6
Let p(l) = -4*l**2 - 1338 + 1306 + 5*l**2 + 5*l. Give p(-10).
18
Let l = 8350 + -8347. Let f(u) = -3*u**2 + 3*u - 9. Calculate f(l).
-27
Suppose 61*q - 58*q - 62 = 5*m, -2*m = 5*q - 31. Let o(n) = -2*n**2 - 16*n - 21. Determine o(m).
-7
Let g(b) = -19*b + 5. Let z(t) = 5 + 9 - 5 - 37*t. Let y(x) = 11*g(x) - 6*z(x). Let a be 1*(-1 + 4 - 4). Calculate y(a).
-12
Let i = -354 - -371. Suppose 14*o - 21 = i*o. Let m(q) = q + 15. Determine m(o).
8
Let z(f) = -15*f**3 - f**2 + 2*f + 2. Let k be 6*-2 - (-153 - -142). Calculate z(k).
14
Let d = -13 + 16. Let a(t) = 2*t**2 + 1616*t - 1621*t + 6 - 3. What is a(d)?
6
Suppose 143*l - 141*l - 4 = 0, 2*m + 2 = 3*l. Let i(n) = 3*n + 2*n**3 - n**2 + 0*n**3 - n**3 - 2. Give i(m).
8
Let j(q) = -3*q - 119. Let z(m) = m + 40. Let b(v) = 4*j(v) + 13*z(v). Calculate b(-18).
26
Suppose 5*y + 2*l - 6 = -22, 5*l = 4*y + 26. Let q(r) = -4*r - 11. Determine q(y).
5
Let v(x) be the first derivative of -32 + 1/3*x**3 + 4*x + 5*x**2. What is v(-7)?
-17
Let i(h) = h**2 + 5*h - 3. Let x(w) = 4*w + 53. Let r be x(-12). Suppose 3*k + 32 = -r*t, 2*k - 4 = 4*t - k. Determine i(t).
-7
Let w(l) be the second derivative of l**5/120 + l**4/2 + 13*l**3/2 + 21*l. Let f(n) be the second derivative of w(n). What is f(-6)?
6
Let i(x) be the second derivative of x**4/12 + x**3/2 - 2*x**2 + 28*x. Let u be -3*(-5)/(30/14). Suppose u*s - 10*s - 18 = 0. Calculate i(s).
14
Let o = 8 + -5. Let c(p) = -14*p**2 + 3*p - 3. Let v(b) = -71*b**2 + 18*b - 13. Let n(y) = -5*c(y) + v(y). Give n(o).
2
Let n(c) = 3*c + 6 - c**3 + 2*c**3 + 5*c**2 - 3. Suppose 5*q - 89 = -79. Suppose q + 13 = -3*x. Calculate n(x).
-12
Suppose 3*p = 8*p + 95. Let g = p - -11. Let z be (-45)/(-10)*g/(-12). Let i(a) = 2*a - 1. Calculate i(z).
5
Let j(a) be the first derivative of 6*a**4 + 2*a**3/3 - a + 39608. Suppose -4*i + 3*i = -1. Calculate j(i).
25
Let h(o) be the second derivative of o**5/20 - 19*o**4/12 - 34*o**3/3 + 49*o**2/2 + 200*o + 2. Give h(22).
5
Let u(y) = 61*y - 15*y - 6 - 11*y - 24*y + 9*y**2 - 10*y**2. Give u(10).
4
Suppose 0 = -6*a - 16*a + 44. Let z(o) = 142*o - 27*o**2 - 146*o + 26*o**a + 5. Calculate z(-4).
5
Let k(s) = -2*s**2 + 68*s - 123. Let c = -810 - -842. What is k(c)?
5
Let w be (-31)/(-11) - 2/(-11). Let j = 57 + -36. Let h(o) = j*o**2 - 20*o**2 + 1 + o - 5. Give h(w).
8
Suppose -55 = 5*c - 5*m, -4*c + 3*m - m = 36. Let v(z) = 5*z - 4. Let i(o) = -8*o + 3. Let a(y) = 2*i(y) + 3*v(y). Determine a(c).
1
Let j(u) = -14*u**2 + 24*u - 5. Let g = 28744 - 28742. Calculate j(g).
-13
Let v(z) = 18*z**2 - 22*z - 21. Let a be (141/18 + -8)*2*3 + 0. What is v(a)?
19
Let l = -430 - -467. Suppose l = 6*c - 5. Let u(q) = 4*q - 4. Determine u(c).
24
Let r(m) = 5*m**3 + m**2 - 29*m + 35. Let g(k) = -2*k**3 + 11*k - 13. Let h(a) = 8*g(a) + 3*r(a). Let b(z) = -z**3 - 5*z**2 - z - 2. Let y be b(-5). Give h(y).
4
Let u(r) = -r**2 + 1. Let p(y) = 2*y**3 - 4*y**2 - 5*y + 3. Let a(h) = p(h) - 4*u(h). Suppose g + l = -10, 0 = -51*g + 53*g + 9*l + 76. Determine a(g).
-7
Let m(u) = -u**3 - 17*u**2 - 27*u + 45. Let x be ((-2)/6)/(-28*(-8)/10080). What is m(x)?
0
Let y(c) = 4*c - 3*c + 10*c**2 + 3*c - 11*c**2 - 43 + 42. Let j be (5 - 3) + 0/1. Calculate y(j).
3
Let n(p) be the third derivative of p**5/20 + p**4/12 - 5*p**3/6 + 147*p**2 + 6*p - 1. What is n(5)?
80
Let v(m) be the second derivative of m**5/60 + 3*m**4/8 + m**3 - 49*m**2/2 + 156*m. Let s(i) be the first derivative of v(i). Give s(-6).
-12
Suppose 8*i = -2*o + 5*i - 8, 4*o - 24 = 4*i. Let u(n) = 1 + 11 + 3*n - 120*n**2 - o*n + 121*n**2 + 0. Give u(0).
12
Let o(u) = 24*u - 357. Let l be o(15). Let v(b) = -b**2 + 3*b - 3. What is v(l)?
-3
Let h(k) = 6*k - 4. Suppose -2*r = -4*m - 0*r - 1238, -r + 1552 = -5*m. Let c = m - -315. Give h(c).
20
Let c(f) = f**3 - 15*f**2 - 14*f - 16. Let u(t) = 3*t**3 + 62*t**2 - 163*t - 30. Let v be u(-23). Determine c(v).
16
Let c be (3 - 2)/(0 + 1). Let k(b) = -b - 5*b + c + 5*b. Suppose -20 = -4*q, -4*q - q = 7*t - 2*t. What is k(t)?
6
Suppose b + 24 = 5*t, b + 4 = -4*t + 25. Let n(y) = 4 + 49*y**2 - 50*y**2 - 4 + 6*y. What is n(t)?
5
Let c(a) = 216 - 110 + a**3 + 2*a - 102 + 2*a**2. Suppose -5*o - 4 = 1. Let j be 1/(o + (-6)/(-9)). Determine c(j).
-11
Let h(c) = c**3 + 7*c**2 - 9*c - 6. Let o(z) = 11*z**2 - 49*z + 12. Let x be o(4). Calculate h(x).
2
Let h(n) = n**2. Suppose 2*s = 6*s + 2*q - 18, -4*q = 20. Let g be (-8)/(-24)*(1 - s) + 3. Calculate h(g).
1
Let v(a) = a**3 - 14*a**2 + 3*a - 39. Let i be v(14). Let r(b) = -4 - b**2 - 49*b**3 + 50*b**i - b + 9. Determine r(0).
5
Let o = 1409 + -1399. Let r(w) = -w**3 + 10*w**2 + w - 41. Determine r(o).
-31
Let q(c) = 9*c**2 - 18*c - 11. Let m(a) = 2*a**2 + 2. Let i(j) = 5*m(j) - q(j). Calculate i(-12).
-51
Suppose -d = -2*i + 190, i - 43 = -2*d + 57. Let q = -90 + i. Let s(l) be the first derivative of -l**4/4 + 5*l**3/3 + 7*l**2/2 + l - 2. Determine s(q).
7
Let j be ((-1)/(-4))/(((-136)/224)/(-17)). Let d(t) = t**3 - 6*t**2 - 8*t + 13. Give d(j).
6
Let d(c) be the third derivative of -c**4/4 + c**3 - 343*c**2 + 1. Let o be (-2)/(-2)*(0 - -3). Give d(o).
-12
Let q(o) = -o**2 - 5*o - 4. Let f be q(-4). Let c(j) = -471 - 5*j**2 - 4*j**2 + 456 + 10*j**2. Give c(f).
-15
Let t = 22069 + -22072. Let f(m) = -2*m**3 - m**2 + 14*m + 5. Give f(t).
8
Suppose 0 = -5*f - 35*f - 200. Let p(d) = d**2 + 5*d + 5. Let a(n) = -3*n**2 - 15*n - 16. Let h be (-4)/(-3)*30/20. Let u(i) = h*a(i) + 7*p(i). Calculate u(f).
3
Suppos